-3*k + 21 - p = 0. What is the units digit of k?
6
Let g = 11 + -5. Let c(n) = -n**2 + 9*n - 9. What is the units digit of c(g)?
9
Let z(a) be the first derivative of -a**3/3 + 3*a**2/2 + 5*a + 4. Let t be z(4). What is the units digit of (2 - 20)*t/(-3)?
6
Suppose -4*i + 3*m + 46 = 0, 3*i + 3*m = 5*m + 34. What is the tens digit of i?
1
Let c be ((-3)/(-3))/(4/368). Suppose 4*y + c = 5*b, 2*y - 3*y - 83 = -5*b. What is the units digit of b?
6
Let s(y) = 3*y**2 + 38*y**2 - 3 - 2 + 4. What is the tens digit of s(-1)?
4
Suppose 2 = t + u, 0 = 2*t + 2*u - u - 3. Let n = -4 - t. Let s = n + 7. What is the units digit of s?
2
Let p(o) = -2*o**3 - 9*o**2 + 4. What is the tens digit of p(-6)?
1
Let v(o) = 2*o**3 - 3*o**2 - o + 3. What is the tens digit of v(5)?
7
Let o(a) = 4*a - a**2 + 0*a - 6 + 4*a. What is the units digit of o(5)?
9
Suppose 8*l = 4*l + 40. Let c be (-4)/l - (-34)/10. What is the units digit of 11 + c/3*0?
1
What is the units digit of -2*2/4*-9?
9
Let j(s) = 3*s - 15. What is the units digit of j(11)?
8
Suppose -2*n + 3*n + 48 = 0. Let t = 4 + -2. What is the tens digit of t/(n/(-22) + -2)?
1
Let t = -10 - -14. Suppose 3*q = t + 5. Suppose q*x = x + 2. What is the units digit of x?
1
Suppose 2*f - 300 = -2*f. What is the units digit of f?
5
Suppose f + 338 = 5*f - m, -2*f = -m - 168. What is the units digit of f?
5
Let j = 2 - -13. What is the units digit of j?
5
Suppose 3*y = -0*y + 39. Let z = 32 - y. What is the tens digit of z?
1
Suppose -5 = 5*m, -2*i + 5*i = -m + 71. What is the tens digit of i?
2
Let s = -5 - -13. Suppose c + s = -c. What is the units digit of (c/(-6))/(4/18)?
3
Let z = 34 + -13. What is the units digit of z?
1
Let l(f) = 8*f - 1. What is the units digit of l(1)?
7
Let k = -22 - -61. What is the tens digit of k?
3
Let d(g) = g**3 - 4*g**2 + g. Let k(f) = -f**3 + 4*f**2 - f. Let j(i) = -7*d(i) - 6*k(i). Suppose -6 = o - 3*o. What is the units digit of j(o)?
6
Let r be (1/(-1) - -3) + 2. Suppose 6 = 5*m - r. Suppose -v + 6*v = -j - 6, -m*j = 2*v - 4. What is the units digit of j?
4
Let u(z) = -2*z - 10. Let g(r) = r**2 + r - 9. Let k be g(0). What is the units digit of u(k)?
8
Suppose -4*z = z - 10. Suppose -3*k + 3 + 4 = -4*m, -z*m + 2 = 4*k. What is the tens digit of (-5 + 4)/(k/(-14))?
1
Suppose 0 = 8*k - 4*k - 8. Suppose k*x - 22 = -3*a + 2, 0 = 3*a. What is the units digit of (-9)/x*(-2 - 10)?
9
Let a(m) = -m**2 + 9*m. What is the tens digit of a(3)?
1
Let i be (3*1)/((-4)/(-4)). Suppose i*u = u + 12. Suppose 18 = u*t - 3*t. What is the units digit of t?
6
Suppose 3*g = g + 10. Suppose 0 = -3*q + g + 7. Let f = 15 - q. What is the units digit of f?
1
Let v be (-2)/2*1 + 0. Let n be 12 + 0 - 1/v. Let g = -7 + n. What is the units digit of g?
6
Let c(q) = -q**3 + 6*q**2 + 4*q - 4. What is the tens digit of c(6)?
2
Suppose -3*l = -d - 298 + 61, 2*l + 4*d = 144. What is the units digit of l?
8
Let v be (-62)/((0 + -4)/4). Let p = v - 38. What is the units digit of p?
4
Suppose o - 44 = -3*o. What is the units digit of o?
1
Let d(g) = g**2 + 8*g - 6. Let c be d(-8). Let o = c + 8. Suppose 0 = -o*j + 2*v + 18, 0 = -v + 6*v - 20. What is the tens digit of j?
1
Let y(d) be the second derivative of 4*d**3/3 + d**2 + 6*d. What is the tens digit of y(4)?
3
What is the units digit of (-1 - -43) + (1 - 0/2)?
3
Let g(c) = -c**3 - 14*c**2 + 6*c + 20. What is the tens digit of g(-15)?
5
Let c(a) be the third derivative of a**6/120 - a**5/12 + 5*a**4/24 - 2*a**3/3 - a**2. Let v be c(4). Suppose v = p - 4*p + 21. What is the units digit of p?
7
Let b(z) = -2*z - 2. Let w be b(-2). Let y = -43 + 36. Let u = w - y. What is the units digit of u?
9
Let x(m) = 24*m + 5. What is the units digit of x(2)?
3
Let o(u) = -u**3 - 5*u**2 - 2*u - 2. Let y be o(-5). What is the tens digit of (y + -12)/((-4)/38)?
3
Let c(t) = 7*t - 8. Let w(g) = 10*g - 8. Let s(r) = -r. Let u(i) = 4*s(i) + w(i). Let k(h) = 5*c(h) - 6*u(h). What is the units digit of k(6)?
2
What is the units digit of -6*(-3)/((-9)/(-2))?
4
Suppose -c - 206 = -i, -5*i = -3*i - c - 414. What is the tens digit of i?
0
Let m(n) = -12*n**2 + n + 1. Let y be m(-1). What is the units digit of (1/2)/((-2)/y)?
3
Let y(u) be the second derivative of -u**4/12 - u**3/6 + 4*u**2 - 4*u. What is the units digit of y(0)?
8
Suppose 4*h = c - 1242, -3*h = -8*h. What is the units digit of c/63 + (-4)/(-14)?
0
Let d(b) = -2*b - 4. Let x be d(3). What is the units digit of (x/(-15))/((-2)/(-24))?
8
Let l(z) = 9*z**2 + 1. Let k be l(1). Suppose 6 = 4*m - 2*m - 2*w, -w + 9 = 3*m. Suppose y + 2*d - d = -m, 2*y = -3*d - k. What is the units digit of y?
1
Let w = -17 - -17. Let x = 55 - 23. Suppose w*i + x = 4*i. What is the units digit of i?
8
Let l(h) = 1. Let i(g) = 5*g**2 - g - 5. Let j(d) = i(d) + 5*l(d). Let p be j(1). Suppose k + 0 = p. What is the units digit of k?
4
Suppose -2*v = 6, -5*f - 24 = -6*f + 4*v. What is the units digit of f?
2
What is the tens digit of 4/((-4)/(-29)) - 3?
2
Suppose 3*n = 5*y - 323, n - 63 = -y - 0*y. Let m = y - 43. What is the tens digit of m?
2
Let i = -1 - -2. Let g(w) = 4*w**2 - 2*w + 1. Let m be g(i). Suppose 0 = m*n - 0 - 3. What is the units digit of n?
1
Suppose 6*z + 4 = -2*j + 5*z, -4*z - 16 = 5*j. Suppose j*g = g. Suppose 5*c = -g + 35. What is the units digit of c?
7
Suppose -3*d + 14 = -x, 16 = 2*d + 2*d - 4*x. Let v = d + 9. Suppose 5 = -l + v. What is the units digit of l?
9
Let g(i) = i**2 + 8*i - 9. Let x be g(-9). Suppose -o + x*o + 8 = 0. Suppose 0 = -2*p + 4*y + o, 2*y - 3*y = -3. What is the units digit of p?
0
What is the tens digit of 1/7 + 2844/84?
3
What is the tens digit of (5/5)/((-2)/(-46))?
2
Let z = -52 - -111. What is the tens digit of z?
5
Let w(k) = k**2 + 7*k + 3. Let i be w(-7). Let q(r) = -3*r + 7. Let x(o) = -3*o + 6. Let t(b) = 5*q(b) - 6*x(b). What is the units digit of t(i)?
8
Let g(u) = 2*u**2 - 1. Let j be g(-2). Suppose -4 + 16 = -3*q. Let s = j + q. What is the units digit of s?
3
Let n(r) be the first derivative of r**5/20 - r**3/6 + 13*r**2/2 - 3*r - 2. Let d(u) be the first derivative of n(u). What is the tens digit of d(0)?
1
Suppose 1 = i + 3. What is the units digit of (i/3)/(9/(-27))?
2
Let z = -18 + 33. What is the tens digit of z?
1
Let b(i) = -13*i - 1. Suppose -3 = 3*h - 2*q, -h - 2*q + 1 = -6*h. Suppose 2*y = -1 - h. What is the units digit of b(y)?
2
Suppose -8*c = -6*c - 486. What is the hundreds digit of c?
2
Let o(d) = -121*d**3 + d**2 + 2*d + 2. What is the units digit of o(-1)?
2
Let p(r) = r**3 - 3*r**2 + 2*r + 2. Let x be p(2). Let s = 9 - x. What is the units digit of s?
7
Let n(j) = j - 8. What is the units digit of n(12)?
4
Suppose 3*t + 2*t + 20 = 0, 2*j + 4*t = 34. What is the units digit of j?
5
Let c = 7 + -4. Suppose -2*x + 5 = c. What is the units digit of x?
1
Let a be (-15)/(-2)*(-8)/(-10). Suppose -5*q - a + 1 = 0. What is the units digit of q/((-16)/14 - -1)?
7
Let r(n) = -3*n**3 - n**2 + n + 1. What is the units digit of r(-2)?
9
Let q be 1 + 1 - 1*-4. Suppose s + 4*v + 3 = 0, -2*s = -3*v - q + 1. Suppose 3*l = s + 8. What is the units digit of l?
3
Let s be (-80)/15*9/(-2). Suppose -3*b - s = -7*b. What is the units digit of b?
6
Suppose -m = -0*m - 3. What is the units digit of 44/m + (-16)/24?
4
Let f = 23 + -12. What is the tens digit of f?
1
Suppose -3*c + 2 + 19 = 0. Let t = 19 - c. What is the units digit of t?
2
What is the tens digit of (-1 - -3) + -4 + 41?
3
Let u(p) = -21*p**2. Suppose 0 = -2*a + 4 - 2. Let d be u(a). What is the units digit of d*-1*(-1)/(-3)?
7
Suppose z - 3*q - 122 = 0, 0 = -2*z + 6*z - q - 488. What is the hundreds digit of z?
1
Let n(l) = l + 5. Suppose -3*t - 6 = -2*k + t, 5*k + 45 = -5*t. Let a be n(k). Suppose a = 3*c - 2*c - 5. What is the units digit of c?
5
Let u(j) = -j**3 - 3*j**2 - j - 1. Let g be u(-3). Suppose -g*w + 81 = w. Suppose -w - 1 = -4*q. What is the units digit of q?
7
What is the tens digit of (-8198)/(-25) + 24/300?
2
Suppose k + 3*r + 3 = 4*k, -r + 8 = 2*k. Suppose 0 = -o + k*t + 21, 4*o - 34 = -2*t + 92. What is the tens digit of o?
3
Suppose h - n + 30 = 0, 3*h - n + 102 = -2*n. Suppose -3*b + 3*m = 72, -5*b - 2*m = m + 80. Let d = b - h. What is the units digit of d?
4
Let v(r) = -2*r - 6. Let h be v(-4). Suppose -h*w + 